{"id":25709,"date":"2026-04-28T02:33:28","date_gmt":"2026-04-28T00:33:28","guid":{"rendered":"https:\/\/vidalserveis.com\/immoble\/parcela-urbana-en-venta-en-mollerussa\/"},"modified":"2026-04-28T02:34:06","modified_gmt":"2026-04-28T00:34:06","slug":"parcela-urbana-en-venta-en-mollerussa","status":"publish","type":"product","link":"https:\/\/vidalserveis.com\/es\/immoble\/parcela-urbana-en-venta-en-mollerussa\/","title":{"rendered":"Parcela urbana en VENTA en Mollerussa."},"content":{"rendered":"<p>Dispone de una superficie de solar de 232,93m2 y una superficie de techo edificable de 193,90m2.<br \/>\nParcela m\u00ednima 150m2. 3 plantas (Pb+2). Coeficiente de edificabilidad limpia 0,83.<br \/>\nMuy bien situada, en zona tranquila y de expansi\u00f3n de la ciudad.<br \/>\nVen a nuestra oficina para m\u00e1s informaci\u00f3n!<\/p>\n","protected":false},"excerpt":{"rendered":"<p>Dispone de una superficie de solar de 232,93m2 y una superficie de techo edificable de 193,90m2. Parcela m\u00ednima 150m2. 3 plantas (Pb+2). Coeficiente de edificabilidad limpia 0,83. Muy bien situada, en zona tranquila y de expansi\u00f3n de la ciudad. Ven a nuestra oficina para m\u00e1s informaci\u00f3n!<\/p>\n","protected":false},"featured_media":3419,"comment_status":"closed","ping_status":"open","template":"","meta":[],"product_brand":[],"product_cat":[696,766],"product_tag":[],"class_list":{"0":"post-25709","1":"product","2":"type-product","3":"status-publish","4":"has-post-thumbnail","6":"product_cat-suelo","7":"product_cat-suelo-urbano","8":"pa_carretera-si","9":"pa_localidad-mollerussa","10":"pa_obra-nueva-no","11":"pa_observaciones-pla-parcial-del-subsector-2del-sector-sub-10avui-clau-3a-7","12":"pa_precio-venta-762","13":"pa_provincia-lleida","14":"pa_superficie-util-233-00","15":"pa_tipo-venta","16":"pa_ubicacion-local-ubicacion-local","18":"first","19":"instock","20":"purchasable","21":"product-type-variable"},"_links":{"self":[{"href":"https:\/\/vidalserveis.com\/es\/wp-json\/wp\/v2\/product\/25709","targetHints":{"allow":["GET"]}}],"collection":[{"href":"https:\/\/vidalserveis.com\/es\/wp-json\/wp\/v2\/product"}],"about":[{"href":"https:\/\/vidalserveis.com\/es\/wp-json\/wp\/v2\/types\/product"}],"replies":[{"embeddable":true,"href":"https:\/\/vidalserveis.com\/es\/wp-json\/wp\/v2\/comments?post=25709"}],"version-history":[{"count":1,"href":"https:\/\/vidalserveis.com\/es\/wp-json\/wp\/v2\/product\/25709\/revisions"}],"predecessor-version":[{"id":27167,"href":"https:\/\/vidalserveis.com\/es\/wp-json\/wp\/v2\/product\/25709\/revisions\/27167"}],"wp:featuredmedia":[{"embeddable":true,"href":"https:\/\/vidalserveis.com\/es\/wp-json\/wp\/v2\/media\/3419"}],"wp:attachment":[{"href":"https:\/\/vidalserveis.com\/es\/wp-json\/wp\/v2\/media?parent=25709"}],"wp:term":[{"taxonomy":"product_brand","embeddable":true,"href":"https:\/\/vidalserveis.com\/es\/wp-json\/wp\/v2\/product_brand?post=25709"},{"taxonomy":"product_cat","embeddable":true,"href":"https:\/\/vidalserveis.com\/es\/wp-json\/wp\/v2\/product_cat?post=25709"},{"taxonomy":"product_tag","embeddable":true,"href":"https:\/\/vidalserveis.com\/es\/wp-json\/wp\/v2\/product_tag?post=25709"}],"curies":[{"name":"wp","href":"https:\/\/api.w.org\/{rel}","templated":true}]}}

<p>Dispone de una superficie de solar de 232,93m2 y una superficie de techo edificable de 193,90m2.<br />
Parcela mínima 150m2. 3 plantas (Pb+2). Coeficiente de edificabilidad limpia 0,83.<br />
Muy bien situada, en zona tranquila y de expansión de la ciudad.<br />
Ven a nuestra oficina para más información!</p>

<p>Dispone de una superficie de solar de 232,93m2 y una superficie de techo edificable de 193,90m2. Parcela mínima 150m2. 3 plantas (Pb+2). Coeficiente de edificabilidad limpia 0,83. Muy bien situada, en zona tranquila y de expansión de la ciudad. Ven a nuestra oficina para más información!</p>
