{"id":25795,"date":"2026-04-28T02:36:42","date_gmt":"2026-04-28T00:36:42","guid":{"rendered":"https:\/\/vidalserveis.com\/immoble\/terreno-residencial-en-venta-en-linyola-3\/"},"modified":"2026-04-28T02:36:54","modified_gmt":"2026-04-28T00:36:54","slug":"terreno-residencial-en-venta-en-linyola-3","status":"publish","type":"product","link":"https:\/\/vidalserveis.com\/es\/immoble\/terreno-residencial-en-venta-en-linyola-3\/","title":{"rendered":"TERRENO residencial en VENTA en LINYOLA."},"content":{"rendered":"<p>Muy bien situado, al lado del colegio y de zona deportiva y muy cerca del centro.<br \/>\nDispone de una superficie de 903m2 con una fachada de 15 metros.<br \/>\nOrdenaci\u00f3n: entre medianeras seg\u00fan alineaci\u00f3n de vialidad.<br \/>\nPosibilidad de segregar con superficie m\u00ednima 150m2, fachada m\u00ednima 4,50 metros, profundidad m\u00ednima 10 metros, ocupaci\u00f3n planta baja 100%, n\u00famero m\u00e1ximo de plantas 3, profundidad m\u00e1xima en planta piso 16m, altura reguladora m\u00e1xima 11m.<br \/>\n\u00a1Venga a nuestra oficina para m\u00e1s informaci\u00f3n!<\/p>\n","protected":false},"excerpt":{"rendered":"<p>Muy bien situado, al lado del colegio y de zona deportiva y muy cerca del centro. Dispone de una superficie de 903m2 con una fachada de 15 metros. Ordenaci\u00f3n: entre medianeras seg\u00fan alineaci\u00f3n de vialidad. Posibilidad de segregar con superficie m\u00ednima 150m2, fachada m\u00ednima 4,50 metros, profundidad m\u00ednima 10 metros, ocupaci\u00f3n planta baja 100%, n\u00famero [&hellip;]<\/p>\n","protected":false},"featured_media":5523,"comment_status":"closed","ping_status":"open","template":"","meta":[],"product_brand":[],"product_cat":[696,766],"product_tag":[],"class_list":{"0":"post-25795","1":"product","2":"type-product","3":"status-publish","4":"has-post-thumbnail","6":"product_cat-suelo","7":"product_cat-suelo-urbano","8":"pa_calificacion-urbana-sub-zonas-unifamiliares","9":"pa_grado-urbanizacion-medio","10":"pa_localidad-linyola","11":"pa_obra-nueva-no","12":"pa_precio-venta-1494","13":"pa_profundidad-profundidad","14":"pa_profundidad-edificable-668","15":"pa_provincia-lleida","16":"pa_superficie-util-903-00","17":"pa_tipo-venta","18":"pa_ubicacion-local-a-pie-de-calle","20":"first","21":"instock","22":"purchasable","23":"product-type-variable"},"_links":{"self":[{"href":"https:\/\/vidalserveis.com\/es\/wp-json\/wp\/v2\/product\/25795","targetHints":{"allow":["GET"]}}],"collection":[{"href":"https:\/\/vidalserveis.com\/es\/wp-json\/wp\/v2\/product"}],"about":[{"href":"https:\/\/vidalserveis.com\/es\/wp-json\/wp\/v2\/types\/product"}],"replies":[{"embeddable":true,"href":"https:\/\/vidalserveis.com\/es\/wp-json\/wp\/v2\/comments?post=25795"}],"version-history":[{"count":1,"href":"https:\/\/vidalserveis.com\/es\/wp-json\/wp\/v2\/product\/25795\/revisions"}],"predecessor-version":[{"id":27211,"href":"https:\/\/vidalserveis.com\/es\/wp-json\/wp\/v2\/product\/25795\/revisions\/27211"}],"wp:featuredmedia":[{"embeddable":true,"href":"https:\/\/vidalserveis.com\/es\/wp-json\/wp\/v2\/media\/5523"}],"wp:attachment":[{"href":"https:\/\/vidalserveis.com\/es\/wp-json\/wp\/v2\/media?parent=25795"}],"wp:term":[{"taxonomy":"product_brand","embeddable":true,"href":"https:\/\/vidalserveis.com\/es\/wp-json\/wp\/v2\/product_brand?post=25795"},{"taxonomy":"product_cat","embeddable":true,"href":"https:\/\/vidalserveis.com\/es\/wp-json\/wp\/v2\/product_cat?post=25795"},{"taxonomy":"product_tag","embeddable":true,"href":"https:\/\/vidalserveis.com\/es\/wp-json\/wp\/v2\/product_tag?post=25795"}],"curies":[{"name":"wp","href":"https:\/\/api.w.org\/{rel}","templated":true}]}}

<p>Muy bien situado, al lado del colegio y de zona deportiva y muy cerca del centro.<br />
Dispone de una superficie de 903m2 con una fachada de 15 metros.<br />
Ordenación: entre medianeras según alineación de vialidad.<br />
Posibilidad de segregar con superficie mínima 150m2, fachada mínima 4,50 metros, profundidad mínima 10 metros, ocupación planta baja 100%, número máximo de plantas 3, profundidad máxima en planta piso 16m, altura reguladora máxima 11m.<br />
¡Venga a nuestra oficina para más información!</p>

<p>Muy bien situado, al lado del colegio y de zona deportiva y muy cerca del centro. Dispone de una superficie de 903m2 con una fachada de 15 metros. Ordenación: entre medianeras según alineación de vialidad. Posibilidad de segregar con superficie mínima 150m2, fachada mínima 4,50 metros, profundidad mínima 10 metros, ocupación planta baja 100%, número [&hellip;]</p>
