{"id":25983,"date":"2026-04-28T02:46:21","date_gmt":"2026-04-28T00:46:21","guid":{"rendered":"https:\/\/vidalserveis.com\/immoble\/nave-industrial-en-alquiler-en-mollerussa\/"},"modified":"2026-04-28T02:47:25","modified_gmt":"2026-04-28T00:47:25","slug":"nave-industrial-en-alquiler-en-mollerussa","status":"publish","type":"product","link":"https:\/\/vidalserveis.com\/es\/immoble\/nave-industrial-en-alquiler-en-mollerussa\/","title":{"rendered":"Nave industrial en ALQUILER en Mollerussa."},"content":{"rendered":"<p>Nave industrial en ALQUILER en Mollerussa.<br \/>\nCon una superficie aproximada de unos 1.000m2.<br \/>\nDi\u00e1fana, muy espaciosa, con aseo y ducha.<br \/>\nF\u00e1cil acceso con puertas grandes.<br \/>\nDispone de fuerza y instalaci\u00f3n el\u00e9ctrica, con la luz dada de alta.<br \/>\nLista para entrar ya, disponibilidad inmediata!<\/p>\n","protected":false},"excerpt":{"rendered":"<p>Nave industrial en ALQUILER en Mollerussa. Con una superficie aproximada de unos 1.000m2. Di\u00e1fana, muy espaciosa, con aseo y ducha. F\u00e1cil acceso con puertas grandes. Dispone de fuerza y instalaci\u00f3n el\u00e9ctrica, con la luz dada de alta. Lista para entrar ya, disponibilidad inmediata!<\/p>\n","protected":false},"featured_media":19833,"comment_status":"closed","ping_status":"open","template":"","meta":[],"product_brand":[],"product_cat":[701,702],"product_tag":[],"class_list":{"0":"post-25983","1":"product","2":"type-product","3":"status-publish","4":"has-post-thumbnail","6":"product_cat-industrial","7":"product_cat-nave-industrial","8":"pa_bancos-si","9":"pa_bomberos-si","10":"pa_carretera-carretera","11":"pa_categoria-de-les-emisiones-exento","12":"pa_centro-urbano-si","13":"pa_cerca-restaurantes-si","14":"pa_estado-conservacion-buena","15":"pa_gasolinera-si","16":"pa_localidad-mollerussa","17":"pa_obra-nueva-no","18":"pa_observaciones-49023a4cg2150n0000ob-i-part-de-la-4902337cg2150n0001wzal-registre-sol-hi-ha-un-solar","19":"pa_policia-si","20":"pa_precio-alquiler-1871","21":"pa_provincia-lleida","22":"pa_superficie-construida-1001-00","23":"pa_superficie-util-1000-00","24":"pa_tipo-alquiler","25":"pa_transporte-publico-si","27":"first","28":"instock","29":"purchasable","30":"product-type-variable"},"_links":{"self":[{"href":"https:\/\/vidalserveis.com\/es\/wp-json\/wp\/v2\/product\/25983","targetHints":{"allow":["GET"]}}],"collection":[{"href":"https:\/\/vidalserveis.com\/es\/wp-json\/wp\/v2\/product"}],"about":[{"href":"https:\/\/vidalserveis.com\/es\/wp-json\/wp\/v2\/types\/product"}],"replies":[{"embeddable":true,"href":"https:\/\/vidalserveis.com\/es\/wp-json\/wp\/v2\/comments?post=25983"}],"version-history":[{"count":1,"href":"https:\/\/vidalserveis.com\/es\/wp-json\/wp\/v2\/product\/25983\/revisions"}],"predecessor-version":[{"id":27073,"href":"https:\/\/vidalserveis.com\/es\/wp-json\/wp\/v2\/product\/25983\/revisions\/27073"}],"wp:featuredmedia":[{"embeddable":true,"href":"https:\/\/vidalserveis.com\/es\/wp-json\/wp\/v2\/media\/19833"}],"wp:attachment":[{"href":"https:\/\/vidalserveis.com\/es\/wp-json\/wp\/v2\/media?parent=25983"}],"wp:term":[{"taxonomy":"product_brand","embeddable":true,"href":"https:\/\/vidalserveis.com\/es\/wp-json\/wp\/v2\/product_brand?post=25983"},{"taxonomy":"product_cat","embeddable":true,"href":"https:\/\/vidalserveis.com\/es\/wp-json\/wp\/v2\/product_cat?post=25983"},{"taxonomy":"product_tag","embeddable":true,"href":"https:\/\/vidalserveis.com\/es\/wp-json\/wp\/v2\/product_tag?post=25983"}],"curies":[{"name":"wp","href":"https:\/\/api.w.org\/{rel}","templated":true}]}}

<p>Nave industrial en ALQUILER en Mollerussa.<br />
Con una superficie aproximada de unos 1.000m2.<br />
Diáfana, muy espaciosa, con aseo y ducha.<br />
Fácil acceso con puertas grandes.<br />
Dispone de fuerza y instalación eléctrica, con la luz dada de alta.<br />
Lista para entrar ya, disponibilidad inmediata!</p>

<p>Nave industrial en ALQUILER en Mollerussa. Con una superficie aproximada de unos 1.000m2. Diáfana, muy espaciosa, con aseo y ducha. Fácil acceso con puertas grandes. Dispone de fuerza y instalación eléctrica, con la luz dada de alta. Lista para entrar ya, disponibilidad inmediata!</p>
