{"id":25995,"date":"2026-04-28T02:46:31","date_gmt":"2026-04-28T00:46:31","guid":{"rendered":"https:\/\/vidalserveis.com\/immoble\/precioso-local-comercial-polivalente-en-el-centro-de-mollerussa-en-alquiler\/"},"modified":"2026-04-28T02:47:26","modified_gmt":"2026-04-28T00:47:26","slug":"precioso-local-comercial-polivalente-en-el-centro-de-mollerussa-en-alquiler","status":"publish","type":"product","link":"https:\/\/vidalserveis.com\/es\/immoble\/precioso-local-comercial-polivalente-en-el-centro-de-mollerussa-en-alquiler\/","title":{"rendered":"Precioso Local comercial polivalente en el centro de Mollerussa, en ALQUILER."},"content":{"rendered":"<p>Precioso Local polivalente en el centro de Mollerussa, en ALQUILER.<br \/>\nCristalera y mucha visibilidad. Sala di\u00e1fana.<br \/>\nLocal a pie de calle, de 320m2 distribuidos en dos niveles.<\/p>\n<p>Precio del alquiler progresivo:<br \/>\nA\u00f1o 1 y 2: 1.000  + IVA<br \/>\nA\u00f1o 3 y 4: 1.200 + IVA<br \/>\nA\u00f1o 5 y 6: 1.300  + IVA<br \/>\nA\u00f1o 7 y 8: 1.400  + IVA<br \/>\nA partir del a\u00f1o 9: Actualizaci\u00f3n mediante IPC.<br \/>\nIBI y comunidad a cargo del propietario. Basuras y alcantarillas a cargo del inquilino. <\/p>\n<p>Llame o venga a nuestra oficina para m\u00e1s informaci\u00f3n.<\/p>\n","protected":false},"excerpt":{"rendered":"<p>Precioso Local polivalente en el centro de Mollerussa, en ALQUILER. Cristalera y mucha visibilidad. Sala di\u00e1fana. Local a pie de calle, de 320m2 distribuidos en dos niveles. Precio del alquiler progresivo: A\u00f1o 1 y 2: 1.000 + IVA A\u00f1o 3 y 4: 1.200 + IVA A\u00f1o 5 y 6: 1.300 + IVA A\u00f1o 7 y [&hellip;]<\/p>\n","protected":false},"featured_media":16270,"comment_status":"closed","ping_status":"open","template":"","meta":[],"product_brand":[],"product_cat":[750,751],"product_tag":[],"class_list":{"0":"post-25995","1":"product","2":"type-product","3":"status-publish","4":"has-post-thumbnail","6":"product_cat-local","7":"product_cat-local-comercial","8":"pa_autobus-si","9":"pa_categoria-de-les-emisiones-d","10":"pa_centro-urbano-si","11":"pa_cerca-restaurantes-si","12":"pa_consumo-energetico-kwh-m2-ano-390","13":"pa_emisiones-co2-kg-co2-m2-ano-417","14":"pa_estado-conservacion-excelente","15":"pa_interior-exterior-235","16":"pa_localidad-mollerussa","17":"pa_obra-nueva-no","18":"pa_observaciones-superficie-util-15378m2-baixos-9669m2-altell-total-25047m2-el-planol-de-la-planta-altell-inclou-lampliacio-de-2050m2320m2-segons-rosa-canela","19":"pa_policia-si","20":"pa_precio-alquiler-1527","21":"pa_provincia-lleida","22":"pa_superficie-construida-302-00","23":"pa_superficie-util-250-00","24":"pa_tipo-alquiler","25":"pa_tren-si","26":"pa_zona-comercial-zona-comercial","27":"pa_zona-de-paso-si","29":"first","30":"instock","31":"purchasable","32":"product-type-variable"},"_links":{"self":[{"href":"https:\/\/vidalserveis.com\/es\/wp-json\/wp\/v2\/product\/25995","targetHints":{"allow":["GET"]}}],"collection":[{"href":"https:\/\/vidalserveis.com\/es\/wp-json\/wp\/v2\/product"}],"about":[{"href":"https:\/\/vidalserveis.com\/es\/wp-json\/wp\/v2\/types\/product"}],"replies":[{"embeddable":true,"href":"https:\/\/vidalserveis.com\/es\/wp-json\/wp\/v2\/comments?post=25995"}],"version-history":[{"count":1,"href":"https:\/\/vidalserveis.com\/es\/wp-json\/wp\/v2\/product\/25995\/revisions"}],"predecessor-version":[{"id":27079,"href":"https:\/\/vidalserveis.com\/es\/wp-json\/wp\/v2\/product\/25995\/revisions\/27079"}],"wp:featuredmedia":[{"embeddable":true,"href":"https:\/\/vidalserveis.com\/es\/wp-json\/wp\/v2\/media\/16270"}],"wp:attachment":[{"href":"https:\/\/vidalserveis.com\/es\/wp-json\/wp\/v2\/media?parent=25995"}],"wp:term":[{"taxonomy":"product_brand","embeddable":true,"href":"https:\/\/vidalserveis.com\/es\/wp-json\/wp\/v2\/product_brand?post=25995"},{"taxonomy":"product_cat","embeddable":true,"href":"https:\/\/vidalserveis.com\/es\/wp-json\/wp\/v2\/product_cat?post=25995"},{"taxonomy":"product_tag","embeddable":true,"href":"https:\/\/vidalserveis.com\/es\/wp-json\/wp\/v2\/product_tag?post=25995"}],"curies":[{"name":"wp","href":"https:\/\/api.w.org\/{rel}","templated":true}]}}

<p>Precioso Local polivalente en el centro de Mollerussa, en ALQUILER.<br />
Cristalera y mucha visibilidad. Sala diáfana.<br />
Local a pie de calle, de 320m2 distribuidos en dos niveles.</p>
<p>Precio del alquiler progresivo:<br />
Año 1 y 2: 1.000  + IVA<br />
Año 3 y 4: 1.200 + IVA<br />
Año 5 y 6: 1.300  + IVA<br />
Año 7 y 8: 1.400  + IVA<br />
A partir del año 9: Actualización mediante IPC.<br />
IBI y comunidad a cargo del propietario. Basuras y alcantarillas a cargo del inquilino. </p>
<p>Llame o venga a nuestra oficina para más información.</p>

<p>Precioso Local polivalente en el centro de Mollerussa, en ALQUILER. Cristalera y mucha visibilidad. Sala diáfana. Local a pie de calle, de 320m2 distribuidos en dos niveles. Precio del alquiler progresivo: Año 1 y 2: 1.000 + IVA Año 3 y 4: 1.200 + IVA Año 5 y 6: 1.300 + IVA Año 7 y [&hellip;]</p>
