{"id":26023,"date":"2026-05-02T02:46:54","date_gmt":"2026-05-02T00:46:54","guid":{"rendered":"https:\/\/vidalserveis.com\/immoble\/local-comercial-a-pie-de-carretera-en-alquiler-en-mollerussa-2\/"},"modified":"2026-05-02T02:47:28","modified_gmt":"2026-05-02T00:47:28","slug":"local-comercial-a-pie-de-carretera-en-alquiler-en-mollerussa-2","status":"publish","type":"product","link":"https:\/\/vidalserveis.com\/es\/immoble\/local-comercial-a-pie-de-carretera-en-alquiler-en-mollerussa-2\/","title":{"rendered":"Local Comercial A PIE DE CARRETERA en ALQUILER en Mollerussa."},"content":{"rendered":"<p>3 locales que se alquilan conjuntamente, de 457m2, 95m2 y 248m2, por lo tanto 800m2 totales.<br \/>\nPlanta baja a pie de calle.<br \/>\nEl local grande tiene una fachada esquinera a 2 calles de m\u00e1s de 50m con mucho escaparate, mucha visibilidad, luz natural y publicidad.<br \/>\nDispone de 2 oficinas y ba\u00f1o. Instalaci\u00f3n el\u00e9ctrica, agua y red de telecomunicaciones.<br \/>\nDi\u00e1fano para distribuir seg\u00fan sus necesidades.<br \/>\nEl local peque\u00f1o est\u00e1 en bruto para adaptar a tus necesidades.<br \/>\nTasas municipales a cargo del inquilino. IBI y comunidad a cargo del propietario.N\u00famero API: 0342-LL, n\u00famero registro: 3029<\/p>\n","protected":false},"excerpt":{"rendered":"<p>3 locales que se alquilan conjuntamente, de 457m2, 95m2 y 248m2, por lo tanto 800m2 totales. Planta baja a pie de calle. El local grande tiene una fachada esquinera a 2 calles de m\u00e1s de 50m con mucho escaparate, mucha visibilidad, luz natural y publicidad. Dispone de 2 oficinas y ba\u00f1o. Instalaci\u00f3n el\u00e9ctrica, agua y [&hellip;]<\/p>\n","protected":false},"featured_media":5941,"comment_status":"closed","ping_status":"open","template":"","meta":[],"product_brand":[],"product_cat":[750,751],"product_tag":[],"class_list":{"0":"post-26023","1":"product","2":"type-product","3":"status-publish","4":"has-post-thumbnail","6":"product_cat-local","7":"product_cat-local-comercial","8":"pa_ano-construccion-439","9":"pa_aseos-293","10":"pa_categoria-de-les-emisiones-c","11":"pa_centro-urbano-si","12":"pa_consumo-energetico-kwh-m2-ano-442","13":"pa_contador-agua-contador-agua","14":"pa_eficiencia-energetica-2030-06-04","15":"pa_emisiones-co2-kg-co2-m2-ano-341","16":"pa_entrada-vehiculos-si","17":"pa_estado-conservacion-excelente","18":"pa_localidad-mollerussa","19":"pa_obra-nueva-no","20":"pa_precio-alquiler-2477","21":"pa_provincia-lleida","22":"pa_superficie-construida-800-00","23":"pa_superficie-util-795-00","24":"pa_tipo-alquiler","25":"pa_ubicacion-local-a-pie-de-calle","27":"first","28":"instock","29":"purchasable","30":"product-type-variable"},"_links":{"self":[{"href":"https:\/\/vidalserveis.com\/es\/wp-json\/wp\/v2\/product\/26023","targetHints":{"allow":["GET"]}}],"collection":[{"href":"https:\/\/vidalserveis.com\/es\/wp-json\/wp\/v2\/product"}],"about":[{"href":"https:\/\/vidalserveis.com\/es\/wp-json\/wp\/v2\/types\/product"}],"replies":[{"embeddable":true,"href":"https:\/\/vidalserveis.com\/es\/wp-json\/wp\/v2\/comments?post=26023"}],"version-history":[{"count":1,"href":"https:\/\/vidalserveis.com\/es\/wp-json\/wp\/v2\/product\/26023\/revisions"}],"predecessor-version":[{"id":27096,"href":"https:\/\/vidalserveis.com\/es\/wp-json\/wp\/v2\/product\/26023\/revisions\/27096"}],"wp:featuredmedia":[{"embeddable":true,"href":"https:\/\/vidalserveis.com\/es\/wp-json\/wp\/v2\/media\/5941"}],"wp:attachment":[{"href":"https:\/\/vidalserveis.com\/es\/wp-json\/wp\/v2\/media?parent=26023"}],"wp:term":[{"taxonomy":"product_brand","embeddable":true,"href":"https:\/\/vidalserveis.com\/es\/wp-json\/wp\/v2\/product_brand?post=26023"},{"taxonomy":"product_cat","embeddable":true,"href":"https:\/\/vidalserveis.com\/es\/wp-json\/wp\/v2\/product_cat?post=26023"},{"taxonomy":"product_tag","embeddable":true,"href":"https:\/\/vidalserveis.com\/es\/wp-json\/wp\/v2\/product_tag?post=26023"}],"curies":[{"name":"wp","href":"https:\/\/api.w.org\/{rel}","templated":true}]}}

<p>3 locales que se alquilan conjuntamente, de 457m2, 95m2 y 248m2, por lo tanto 800m2 totales.<br />
Planta baja a pie de calle.<br />
El local grande tiene una fachada esquinera a 2 calles de más de 50m con mucho escaparate, mucha visibilidad, luz natural y publicidad.<br />
Dispone de 2 oficinas y baño. Instalación eléctrica, agua y red de telecomunicaciones.<br />
Diáfano para distribuir según sus necesidades.<br />
El local pequeño está en bruto para adaptar a tus necesidades.<br />
Tasas municipales a cargo del inquilino. IBI y comunidad a cargo del propietario.Número API: 0342-LL, número registro: 3029</p>

<p>3 locales que se alquilan conjuntamente, de 457m2, 95m2 y 248m2, por lo tanto 800m2 totales. Planta baja a pie de calle. El local grande tiene una fachada esquinera a 2 calles de más de 50m con mucho escaparate, mucha visibilidad, luz natural y publicidad. Dispone de 2 oficinas y baño. Instalación eléctrica, agua y [&hellip;]</p>
