{"id":27060,"date":"2026-04-28T02:46:10","date_gmt":"2026-04-28T00:46:10","guid":{"rendered":"https:\/\/vidalserveis.com\/immoble\/local-comercial-listo-para-entrar\/"},"modified":"2026-04-28T02:47:25","modified_gmt":"2026-04-28T00:47:25","slug":"local-comercial-listo-para-entrar","status":"publish","type":"product","link":"https:\/\/vidalserveis.com\/es\/immoble\/local-comercial-listo-para-entrar\/","title":{"rendered":"Local comercial listo para entrar"},"content":{"rendered":"<p>\u00bfBuscas un espacio para abrir tu tienda o peque\u00f1o comercio? Tenemos el local perfecto para ti. Ubicado en una zona con excelente visibilidad. Este local est\u00e1 totalmente equipado y listo para empezar a trabajar desde el primer d\u00eda.<\/p>\n<p>Incluye mobiliario completo: estanter\u00edas, mostrador y otros elementos que te permitir\u00e1n ahorrar tiempo y dinero en el montaje inicial. Ideal para tiendas de barrio o comercios especializados.<\/p>\n<p>Una oportunidad \u00fanica para emprendedores que desean iniciar el proyecto con buen pie.<\/p>\n<p>Dispone de luz y agua.<\/p>\n<p>Contacta con nosotros y te acompa\u00f1amos a visitarle sin compromiso.<\/p>\n","protected":false},"excerpt":{"rendered":"<p>\u00bfBuscas un espacio para abrir tu tienda o peque\u00f1o comercio? Tenemos el local perfecto para ti. Ubicado en una zona con excelente visibilidad. Este local est\u00e1 totalmente equipado y listo para empezar a trabajar desde el primer d\u00eda. Incluye mobiliario completo: estanter\u00edas, mostrador y otros elementos que te permitir\u00e1n ahorrar tiempo y dinero en el [&hellip;]<\/p>\n","protected":false},"featured_media":26971,"comment_status":"closed","ping_status":"open","template":"","meta":[],"product_brand":[],"product_cat":[750,751],"product_tag":[],"class_list":{"0":"post-27060","1":"product","2":"type-product","3":"status-publish","4":"has-post-thumbnail","6":"product_cat-local","7":"product_cat-local-comercial","8":"pa_aseos-293","9":"pa_consumo-energetico-kwh-m2-ano-2396","10":"pa_emisiones-co2-kg-co2-m2-ano-341","11":"pa_localidad-mollerussa","12":"pa_obra-nueva-no","13":"pa_precio-alquiler-2400","14":"pa_provincia-lleida","15":"pa_superficie-construida-120-00","16":"pa_superficie-util-111-00","17":"pa_tipo-alquiler","18":"pa_ubicacion-local-ubicacion-local","20":"first","21":"instock","22":"purchasable","23":"product-type-variable"},"_links":{"self":[{"href":"https:\/\/vidalserveis.com\/es\/wp-json\/wp\/v2\/product\/27060","targetHints":{"allow":["GET"]}}],"collection":[{"href":"https:\/\/vidalserveis.com\/es\/wp-json\/wp\/v2\/product"}],"about":[{"href":"https:\/\/vidalserveis.com\/es\/wp-json\/wp\/v2\/types\/product"}],"replies":[{"embeddable":true,"href":"https:\/\/vidalserveis.com\/es\/wp-json\/wp\/v2\/comments?post=27060"}],"version-history":[{"count":0,"href":"https:\/\/vidalserveis.com\/es\/wp-json\/wp\/v2\/product\/27060\/revisions"}],"wp:featuredmedia":[{"embeddable":true,"href":"https:\/\/vidalserveis.com\/es\/wp-json\/wp\/v2\/media\/26971"}],"wp:attachment":[{"href":"https:\/\/vidalserveis.com\/es\/wp-json\/wp\/v2\/media?parent=27060"}],"wp:term":[{"taxonomy":"product_brand","embeddable":true,"href":"https:\/\/vidalserveis.com\/es\/wp-json\/wp\/v2\/product_brand?post=27060"},{"taxonomy":"product_cat","embeddable":true,"href":"https:\/\/vidalserveis.com\/es\/wp-json\/wp\/v2\/product_cat?post=27060"},{"taxonomy":"product_tag","embeddable":true,"href":"https:\/\/vidalserveis.com\/es\/wp-json\/wp\/v2\/product_tag?post=27060"}],"curies":[{"name":"wp","href":"https:\/\/api.w.org\/{rel}","templated":true}]}}

<p>¿Buscas un espacio para abrir tu tienda o pequeño comercio? Tenemos el local perfecto para ti. Ubicado en una zona con excelente visibilidad. Este local está totalmente equipado y listo para empezar a trabajar desde el primer día.</p>
<p>Incluye mobiliario completo: estanterías, mostrador y otros elementos que te permitirán ahorrar tiempo y dinero en el montaje inicial. Ideal para tiendas de barrio o comercios especializados.</p>
<p>Una oportunidad única para emprendedores que desean iniciar el proyecto con buen pie.</p>
<p>Dispone de luz y agua.</p>
<p>Contacta con nosotros y te acompañamos a visitarle sin compromiso.</p>

<p>¿Buscas un espacio para abrir tu tienda o pequeño comercio? Tenemos el local perfecto para ti. Ubicado en una zona con excelente visibilidad. Este local está totalmente equipado y listo para empezar a trabajar desde el primer día. Incluye mobiliario completo: estanterías, mostrador y otros elementos que te permitirán ahorrar tiempo y dinero en el [&hellip;]</p>
