{"id":27104,"date":"2026-04-28T02:32:17","date_gmt":"2026-04-28T00:32:17","guid":{"rendered":"https:\/\/vidalserveis.com\/immoble\/27104\/"},"modified":"2026-04-28T02:34:03","modified_gmt":"2026-04-28T00:34:03","slug":"27104","status":"publish","type":"product","link":"https:\/\/vidalserveis.com\/es\/immoble\/27104\/","title":{"rendered":""},"content":{"rendered":"<p>Piso en venta con vistas a un edificio emblem\u00e1tico de la ciudad<\/p>\n<p>Situado en una zona tranquila y con muy buen acceso, este piso te ofrece el perfecto equilibrio entre comodidad y ubicaci\u00f3n. En perfecto estado de conservaci\u00f3n y listo para entrar a vivir, es ideal tanto si buscas tu nuevo hogar como una inversi\u00f3n segura.<\/p>\n<p>La vivienda consta de una cocina espaciosa con zona para mesa y acceso directo a la galer\u00eda\/lavadero, un comedor luminoso con salida a una terracita donde podr\u00e1s disfrutar del aire libre, poner una mesa y sillas para relajarte o comer en el exterior.<\/p>\n<p>Dispone de tres habitaciones, una de ellas es una suite con ba\u00f1o privado y un segundo ba\u00f1o con plato de ducha. Calefacci\u00f3n con gas. Adem\u00e1s, incluye un trastero situado en la planta debajo cubierta, perfecto para el almacenamiento extra.<\/p>\n<p>No dejes pasar esta oportunidad de adquirir un piso funcional y c\u00f3modo. Contacte con nuestra oficina para concertar una visita. Le asesoraremos personalmente durante todo el proceso de compra y le ayudaremos a obtener la mejor financiaci\u00f3n posible.<\/p>\n","protected":false},"excerpt":{"rendered":"<p>Piso en venta con vistas a un edificio emblem\u00e1tico de la ciudad Situado en una zona tranquila y con muy buen acceso, este piso te ofrece el perfecto equilibrio entre comodidad y ubicaci\u00f3n. En perfecto estado de conservaci\u00f3n y listo para entrar a vivir, es ideal tanto si buscas tu nuevo hogar como una inversi\u00f3n [&hellip;]<\/p>\n","protected":false},"featured_media":26542,"comment_status":"closed","ping_status":"open","template":"","meta":[],"product_brand":[],"product_cat":[710,709],"product_tag":[],"class_list":{"0":"post-27104","1":"product","2":"type-product","3":"status-publish","4":"has-post-thumbnail","6":"product_cat-piso-piso","7":"product_cat-piso","8":"pa_ano-construccion-1942","9":"pa_calefaccion-si","10":"pa_categoria-de-les-emisiones-d","11":"pa_consumo-energetico-kwh-m2-ano-1783","12":"pa_dormitorios-individuales-dormitorios-individuales","13":"pa_emisiones-co2-kg-co2-m2-ano-341","14":"pa_localidad-mollerussa","15":"pa_no-de-banos-222","16":"pa_no-de-dormitorios-262","17":"pa_obra-nueva-no","18":"pa_precio-venta-695","19":"pa_provincia-lleida","20":"pa_soleado-si","21":"pa_superficie-construida-102-00","22":"pa_superficie-util-89-00","23":"pa_tipo-venta","24":"pa_vistas-si","26":"first","27":"instock","28":"purchasable","29":"product-type-variable"},"_links":{"self":[{"href":"https:\/\/vidalserveis.com\/es\/wp-json\/wp\/v2\/product\/27104","targetHints":{"allow":["GET"]}}],"collection":[{"href":"https:\/\/vidalserveis.com\/es\/wp-json\/wp\/v2\/product"}],"about":[{"href":"https:\/\/vidalserveis.com\/es\/wp-json\/wp\/v2\/types\/product"}],"replies":[{"embeddable":true,"href":"https:\/\/vidalserveis.com\/es\/wp-json\/wp\/v2\/comments?post=27104"}],"version-history":[{"count":0,"href":"https:\/\/vidalserveis.com\/es\/wp-json\/wp\/v2\/product\/27104\/revisions"}],"wp:featuredmedia":[{"embeddable":true,"href":"https:\/\/vidalserveis.com\/es\/wp-json\/wp\/v2\/media\/26542"}],"wp:attachment":[{"href":"https:\/\/vidalserveis.com\/es\/wp-json\/wp\/v2\/media?parent=27104"}],"wp:term":[{"taxonomy":"product_brand","embeddable":true,"href":"https:\/\/vidalserveis.com\/es\/wp-json\/wp\/v2\/product_brand?post=27104"},{"taxonomy":"product_cat","embeddable":true,"href":"https:\/\/vidalserveis.com\/es\/wp-json\/wp\/v2\/product_cat?post=27104"},{"taxonomy":"product_tag","embeddable":true,"href":"https:\/\/vidalserveis.com\/es\/wp-json\/wp\/v2\/product_tag?post=27104"}],"curies":[{"name":"wp","href":"https:\/\/api.w.org\/{rel}","templated":true}]}}

<p>Piso en venta con vistas a un edificio emblemático de la ciudad</p>
<p>Situado en una zona tranquila y con muy buen acceso, este piso te ofrece el perfecto equilibrio entre comodidad y ubicación. En perfecto estado de conservación y listo para entrar a vivir, es ideal tanto si buscas tu nuevo hogar como una inversión segura.</p>
<p>La vivienda consta de una cocina espaciosa con zona para mesa y acceso directo a la galería/lavadero, un comedor luminoso con salida a una terracita donde podrás disfrutar del aire libre, poner una mesa y sillas para relajarte o comer en el exterior.</p>
<p>Dispone de tres habitaciones, una de ellas es una suite con baño privado y un segundo baño con plato de ducha. Calefacción con gas. Además, incluye un trastero situado en la planta debajo cubierta, perfecto para el almacenamiento extra.</p>
<p>No dejes pasar esta oportunidad de adquirir un piso funcional y cómodo. Contacte con nuestra oficina para concertar una visita. Le asesoraremos personalmente durante todo el proceso de compra y le ayudaremos a obtener la mejor financiación posible.</p>

<p>Piso en venta con vistas a un edificio emblemático de la ciudad Situado en una zona tranquila y con muy buen acceso, este piso te ofrece el perfecto equilibrio entre comodidad y ubicación. En perfecto estado de conservación y listo para entrar a vivir, es ideal tanto si buscas tu nuevo hogar como una inversión [&hellip;]</p>
