{"id":27110,"date":"2026-04-28T02:32:29","date_gmt":"2026-04-28T00:32:29","guid":{"rendered":"https:\/\/vidalserveis.com\/immoble\/local-comercial-perfecto-para-emprendedores-autonomos-o-pequenos-servicios\/"},"modified":"2026-04-28T02:34:03","modified_gmt":"2026-04-28T00:34:03","slug":"local-comercial-perfecto-para-emprendedores-autonomos-o-pequenos-servicios","status":"publish","type":"product","link":"https:\/\/vidalserveis.com\/es\/immoble\/local-comercial-perfecto-para-emprendedores-autonomos-o-pequenos-servicios\/","title":{"rendered":"Local comercial  perfecto para emprendedores, aut\u00f3nomos o peque\u00f1os servicios"},"content":{"rendered":"<p>Local comercial perfecto para emprendedores, aut\u00f3nomos o peque\u00f1os servicios. Tiene dos puertas de entrada, la portada gran mujer en una sala polivalente, por almac\u00e9n, veh\u00edculos, despacho y la puerta peque\u00f1a da acceso a unas escaleras que nos suben a un altillo ideal para una oficina.<br \/>\nEst\u00e1 bien ubicado con f\u00e1cil acceso y visibilidad.<br \/>\nNo dudes en contactar con nosotros, para m\u00e1s informaci\u00f3n y concretar una visita,<\/p>\n","protected":false},"excerpt":{"rendered":"<p>Local comercial perfecto para emprendedores, aut\u00f3nomos o peque\u00f1os servicios. Tiene dos puertas de entrada, la portada gran mujer en una sala polivalente, por almac\u00e9n, veh\u00edculos, despacho y la puerta peque\u00f1a da acceso a unas escaleras que nos suben a un altillo ideal para una oficina. Est\u00e1 bien ubicado con f\u00e1cil acceso y visibilidad. No dudes [&hellip;]<\/p>\n","protected":false},"featured_media":26652,"comment_status":"closed","ping_status":"open","template":"","meta":[],"product_brand":[],"product_cat":[750,751],"product_tag":[],"class_list":{"0":"post-27110","1":"product","2":"type-product","3":"status-publish","4":"has-post-thumbnail","6":"product_cat-local","7":"product_cat-local-comercial","8":"pa_ano-construccion-2389","9":"pa_consumo-energetico-kwh-m2-ano-2238","10":"pa_emisiones-co2-kg-co2-m2-ano-567","11":"pa_localidad-mollerussa","12":"pa_obra-nueva-no","13":"pa_precio-venta-1553","14":"pa_provincia-lleida","15":"pa_superficie-construida-83-00","16":"pa_superficie-util-77-00","17":"pa_tipo-venta","18":"pa_ubicacion-local-ubicacion-local","20":"first","21":"instock","22":"purchasable","23":"product-type-variable"},"_links":{"self":[{"href":"https:\/\/vidalserveis.com\/es\/wp-json\/wp\/v2\/product\/27110","targetHints":{"allow":["GET"]}}],"collection":[{"href":"https:\/\/vidalserveis.com\/es\/wp-json\/wp\/v2\/product"}],"about":[{"href":"https:\/\/vidalserveis.com\/es\/wp-json\/wp\/v2\/types\/product"}],"replies":[{"embeddable":true,"href":"https:\/\/vidalserveis.com\/es\/wp-json\/wp\/v2\/comments?post=27110"}],"version-history":[{"count":1,"href":"https:\/\/vidalserveis.com\/es\/wp-json\/wp\/v2\/product\/27110\/revisions"}],"predecessor-version":[{"id":28580,"href":"https:\/\/vidalserveis.com\/es\/wp-json\/wp\/v2\/product\/27110\/revisions\/28580"}],"wp:featuredmedia":[{"embeddable":true,"href":"https:\/\/vidalserveis.com\/es\/wp-json\/wp\/v2\/media\/26652"}],"wp:attachment":[{"href":"https:\/\/vidalserveis.com\/es\/wp-json\/wp\/v2\/media?parent=27110"}],"wp:term":[{"taxonomy":"product_brand","embeddable":true,"href":"https:\/\/vidalserveis.com\/es\/wp-json\/wp\/v2\/product_brand?post=27110"},{"taxonomy":"product_cat","embeddable":true,"href":"https:\/\/vidalserveis.com\/es\/wp-json\/wp\/v2\/product_cat?post=27110"},{"taxonomy":"product_tag","embeddable":true,"href":"https:\/\/vidalserveis.com\/es\/wp-json\/wp\/v2\/product_tag?post=27110"}],"curies":[{"name":"wp","href":"https:\/\/api.w.org\/{rel}","templated":true}]}}

Local comercial  perfecto para emprendedores, autónomos o pequeños servicios

<p>Local comercial perfecto para emprendedores, autónomos o pequeños servicios. Tiene dos puertas de entrada, la portada gran mujer en una sala polivalente, por almacén, vehículos, despacho y la puerta pequeña da acceso a unas escaleras que nos suben a un altillo ideal para una oficina.<br />
Está bien ubicado con fácil acceso y visibilidad.<br />
No dudes en contactar con nosotros, para más información y concretar una visita,</p>

<p>Local comercial perfecto para emprendedores, autónomos o pequeños servicios. Tiene dos puertas de entrada, la portada gran mujer en una sala polivalente, por almacén, vehículos, despacho y la puerta pequeña da acceso a unas escaleras que nos suben a un altillo ideal para una oficina. Está bien ubicado con fácil acceso y visibilidad. No dudes [&hellip;]</p>
