{"id":27196,"date":"2026-04-28T02:36:17","date_gmt":"2026-04-28T00:36:17","guid":{"rendered":"https:\/\/vidalserveis.com\/immoble\/casa-en-conjunto-residencial-a-estrenar-en-venta-en-golmes\/"},"modified":"2026-04-28T02:36:53","modified_gmt":"2026-04-28T00:36:53","slug":"casa-en-conjunto-residencial-a-estrenar-en-venta-en-golmes","status":"publish","type":"product","link":"https:\/\/vidalserveis.com\/es\/immoble\/casa-en-conjunto-residencial-a-estrenar-en-venta-en-golmes\/","title":{"rendered":"Casa en conjunto residencial A ESTRENAR en VENTA, en Golm\u00e9s."},"content":{"rendered":"<p>Casa a estrenar en conjunto residencial, con dise\u00f1o funcional y estilo moderno, muy luminosa, distribuida en:<\/p>\n<p>&#8211; Planta s\u00f3tano destinada a garaje para 4 veh\u00edculos. El garaje es privado, con entrada comunitaria de f\u00e1cil acceso. Las 2 puertas de acceso son motorizadas con mando a distancia. Zona habilitable como bodega bajo las escaleras de acceso a la vivienda.<br \/>\n&#8211; Planta baja distribuida en 1 dormitorio doble, ba\u00f1o completo con ducha, comedor muy espacioso, cocina-office con lavadero-despensa integrado y terraza. Tambi\u00e9n dispone de jard\u00edn interior con acceso desde el comedor.<br \/>\n&#8211; Planta primera distribuida en 2 dormitorios dobles y 1 sala estudio polivalente con terraza, un ba\u00f1o completo con ba\u00f1era.<br \/>\n&#8211; Planta segunda con 2 dormitorios dobles tipo suite, ambos con ba\u00f1o completo, uno con ducha y otro con ba\u00f1era y una terraza.<br \/>\nEquipada con parquet, calefacci\u00f3n a gas natural, preinstalaci\u00f3n de aire acondicionado (en comedor, cocina, sala estudio y pasillo habitaciones), preinstalaci\u00f3n de aspiraci\u00f3n centralizada, ojos de buey, downlights en la cocina, puertas de garaje autom\u00e1ticas, alarma.<\/p>\n","protected":false},"excerpt":{"rendered":"<p>Casa a estrenar en conjunto residencial, con dise\u00f1o funcional y estilo moderno, muy luminosa, distribuida en: &#8211; Planta s\u00f3tano destinada a garaje para 4 veh\u00edculos. El garaje es privado, con entrada comunitaria de f\u00e1cil acceso. Las 2 puertas de acceso son motorizadas con mando a distancia. Zona habilitable como bodega bajo las escaleras de acceso [&hellip;]<\/p>\n","protected":false},"featured_media":26882,"comment_status":"closed","ping_status":"open","template":"","meta":[],"product_brand":[],"product_cat":[725,726],"product_tag":[],"class_list":{"0":"post-27196","1":"product","2":"type-product","3":"status-publish","4":"has-post-thumbnail","6":"product_cat-casa","7":"product_cat-unifamiliar-adosada","8":"pa_ano-construccion-525","9":"pa_autobus-si","10":"pa_balcon-si","11":"pa_calefaccion-si","12":"pa_calefaccion-gas-si","13":"pa_categoria-de-les-emisiones-e","14":"pa_cerca-farmacia-si","15":"pa_cerca-restaurantes-si","16":"pa_cerca-supermercado-si","17":"pa_cocina-office-si","18":"pa_consumo-energetico-kwh-m2-ano-527","19":"pa_emisiones-co2-kg-co2-m2-ano-458","20":"pa_estado-conservacion-excelente","21":"pa_galeria-si","22":"pa_horno-si","23":"pa_lavadero-si","24":"pa_localidad-golmes","25":"pa_no-de-banos-526","26":"pa_no-de-dormitorios-no-de-dormitorios","27":"pa_obra-nueva-no","28":"pa_parking-si","29":"pa_parque-infantil-si","30":"pa_policia-si","31":"pa_precio-venta-2152","32":"pa_provincia-lleida","33":"pa_soleado-si","34":"pa_suelo-parquet-si","35":"pa_suite-con-vestidor-si","36":"pa_superficie-construida-408-00","37":"pa_superficie-util-289-00","38":"pa_terraza-jardin-si","39":"pa_tipo-venta","40":"pa_ubicacion-local-a-pie-de-calle","42":"first","43":"instock","44":"purchasable","45":"product-type-variable"},"_links":{"self":[{"href":"https:\/\/vidalserveis.com\/es\/wp-json\/wp\/v2\/product\/27196","targetHints":{"allow":["GET"]}}],"collection":[{"href":"https:\/\/vidalserveis.com\/es\/wp-json\/wp\/v2\/product"}],"about":[{"href":"https:\/\/vidalserveis.com\/es\/wp-json\/wp\/v2\/types\/product"}],"replies":[{"embeddable":true,"href":"https:\/\/vidalserveis.com\/es\/wp-json\/wp\/v2\/comments?post=27196"}],"version-history":[{"count":1,"href":"https:\/\/vidalserveis.com\/es\/wp-json\/wp\/v2\/product\/27196\/revisions"}],"predecessor-version":[{"id":27218,"href":"https:\/\/vidalserveis.com\/es\/wp-json\/wp\/v2\/product\/27196\/revisions\/27218"}],"wp:featuredmedia":[{"embeddable":true,"href":"https:\/\/vidalserveis.com\/es\/wp-json\/wp\/v2\/media\/26882"}],"wp:attachment":[{"href":"https:\/\/vidalserveis.com\/es\/wp-json\/wp\/v2\/media?parent=27196"}],"wp:term":[{"taxonomy":"product_brand","embeddable":true,"href":"https:\/\/vidalserveis.com\/es\/wp-json\/wp\/v2\/product_brand?post=27196"},{"taxonomy":"product_cat","embeddable":true,"href":"https:\/\/vidalserveis.com\/es\/wp-json\/wp\/v2\/product_cat?post=27196"},{"taxonomy":"product_tag","embeddable":true,"href":"https:\/\/vidalserveis.com\/es\/wp-json\/wp\/v2\/product_tag?post=27196"}],"curies":[{"name":"wp","href":"https:\/\/api.w.org\/{rel}","templated":true}]}}

Casa en conjunto residencial A ESTRENAR en VENTA, en Golmés.

<p>Casa a estrenar en conjunto residencial, con diseño funcional y estilo moderno, muy luminosa, distribuida en:</p>
<p>&#8211; Planta sótano destinada a garaje para 4 vehículos. El garaje es privado, con entrada comunitaria de fácil acceso. Las 2 puertas de acceso son motorizadas con mando a distancia. Zona habilitable como bodega bajo las escaleras de acceso a la vivienda.<br />
&#8211; Planta baja distribuida en 1 dormitorio doble, baño completo con ducha, comedor muy espacioso, cocina-office con lavadero-despensa integrado y terraza. También dispone de jardín interior con acceso desde el comedor.<br />
&#8211; Planta primera distribuida en 2 dormitorios dobles y 1 sala estudio polivalente con terraza, un baño completo con bañera.<br />
&#8211; Planta segunda con 2 dormitorios dobles tipo suite, ambos con baño completo, uno con ducha y otro con bañera y una terraza.<br />
Equipada con parquet, calefacción a gas natural, preinstalación de aire acondicionado (en comedor, cocina, sala estudio y pasillo habitaciones), preinstalación de aspiración centralizada, ojos de buey, downlights en la cocina, puertas de garaje automáticas, alarma.</p>

<p>Casa a estrenar en conjunto residencial, con diseño funcional y estilo moderno, muy luminosa, distribuida en: &#8211; Planta sótano destinada a garaje para 4 vehículos. El garaje es privado, con entrada comunitaria de fácil acceso. Las 2 puertas de acceso son motorizadas con mando a distancia. Zona habilitable como bodega bajo las escaleras de acceso [&hellip;]</p>
