{"id":27473,"date":"2026-04-28T02:32:17","date_gmt":"2026-04-28T00:32:17","guid":{"rendered":"https:\/\/vidalserveis.com\/immoble\/piso-acogedor-y-bien-distribuido\/"},"modified":"2026-04-28T02:34:03","modified_gmt":"2026-04-28T00:34:03","slug":"piso-acogedor-y-bien-distribuido","status":"publish","type":"product","link":"https:\/\/vidalserveis.com\/es\/immoble\/piso-acogedor-y-bien-distribuido\/","title":{"rendered":"Piso acogedor y bien distribuido."},"content":{"rendered":"<p>Descubre este piso de 92 m2 \u00fatiles, acogedor y bien distribuido. Dispone de tres dormitorios -dos dobles (uno de ellos tipo suite) y uno individual-, dos ba\u00f1os completos, cocina independiente con galer\u00eda, comedor luminoso con salida a balc\u00f3n desde donde disfrutar\u00e1s de buenas vistas. Dispone de parqu\u00e9 en todo el piso excepto las zonas humedales.<br \/>\nLa distribuci\u00f3n es pr\u00e1ctica, funcional y c\u00f3moda, con espacios que invitan al descanso y la vida en familia.<br \/>\nPiso amplio, con luz natural, en buen estado de conservaci\u00f3n, ideal tanto como residencia habitual como inversi\u00f3n.<\/p>\n","protected":false},"excerpt":{"rendered":"<p>Descubre este piso de 92 m2 \u00fatiles, acogedor y bien distribuido. Dispone de tres dormitorios -dos dobles (uno de ellos tipo suite) y uno individual-, dos ba\u00f1os completos, cocina independiente con galer\u00eda, comedor luminoso con salida a balc\u00f3n desde donde disfrutar\u00e1s de buenas vistas. Dispone de parqu\u00e9 en todo el piso excepto las zonas humedales. [&hellip;]<\/p>\n","protected":false},"featured_media":27403,"comment_status":"closed","ping_status":"open","template":"","meta":[],"product_brand":[],"product_cat":[710,709],"product_tag":[],"class_list":{"0":"post-27473","1":"product","2":"type-product","3":"status-publish","4":"has-post-thumbnail","6":"product_cat-piso-piso","7":"product_cat-piso","8":"pa_ascensor-si","9":"pa_calefaccion-si","10":"pa_categoria-de-les-emisiones-e","11":"pa_consumo-energetico-kwh-m2-ano-2425","12":"pa_dormitorios-individuales-dormitorios-individuales","13":"pa_emisiones-co2-kg-co2-m2-ano-383","14":"pa_localidad-mollerussa","15":"pa_no-de-banos-222","16":"pa_no-de-dormitorios-262","17":"pa_obra-nueva-no","18":"pa_precio-venta-2471","19":"pa_provincia-lleida","20":"pa_superficie-construida-104-00","21":"pa_superficie-util-92-00","22":"pa_tipo-venta","23":"pa_vistas-si","25":"first","26":"instock","27":"purchasable","28":"product-type-variable"},"_links":{"self":[{"href":"https:\/\/vidalserveis.com\/es\/wp-json\/wp\/v2\/product\/27473","targetHints":{"allow":["GET"]}}],"collection":[{"href":"https:\/\/vidalserveis.com\/es\/wp-json\/wp\/v2\/product"}],"about":[{"href":"https:\/\/vidalserveis.com\/es\/wp-json\/wp\/v2\/types\/product"}],"replies":[{"embeddable":true,"href":"https:\/\/vidalserveis.com\/es\/wp-json\/wp\/v2\/comments?post=27473"}],"version-history":[{"count":0,"href":"https:\/\/vidalserveis.com\/es\/wp-json\/wp\/v2\/product\/27473\/revisions"}],"wp:featuredmedia":[{"embeddable":true,"href":"https:\/\/vidalserveis.com\/es\/wp-json\/wp\/v2\/media\/27403"}],"wp:attachment":[{"href":"https:\/\/vidalserveis.com\/es\/wp-json\/wp\/v2\/media?parent=27473"}],"wp:term":[{"taxonomy":"product_brand","embeddable":true,"href":"https:\/\/vidalserveis.com\/es\/wp-json\/wp\/v2\/product_brand?post=27473"},{"taxonomy":"product_cat","embeddable":true,"href":"https:\/\/vidalserveis.com\/es\/wp-json\/wp\/v2\/product_cat?post=27473"},{"taxonomy":"product_tag","embeddable":true,"href":"https:\/\/vidalserveis.com\/es\/wp-json\/wp\/v2\/product_tag?post=27473"}],"curies":[{"name":"wp","href":"https:\/\/api.w.org\/{rel}","templated":true}]}}

<p>Descubre este piso de 92 m2 útiles, acogedor y bien distribuido. Dispone de tres dormitorios -dos dobles (uno de ellos tipo suite) y uno individual-, dos baños completos, cocina independiente con galería, comedor luminoso con salida a balcón desde donde disfrutarás de buenas vistas. Dispone de parqué en todo el piso excepto las zonas humedales.<br />
La distribución es práctica, funcional y cómoda, con espacios que invitan al descanso y la vida en familia.<br />
Piso amplio, con luz natural, en buen estado de conservación, ideal tanto como residencia habitual como inversión.</p>

<p>Descubre este piso de 92 m2 útiles, acogedor y bien distribuido. Dispone de tres dormitorios -dos dobles (uno de ellos tipo suite) y uno individual-, dos baños completos, cocina independiente con galería, comedor luminoso con salida a balcón desde donde disfrutarás de buenas vistas. Dispone de parqué en todo el piso excepto las zonas humedales. [&hellip;]</p>
