{"id":27875,"date":"2026-04-28T02:32:29","date_gmt":"2026-04-28T00:32:29","guid":{"rendered":"https:\/\/vidalserveis.com\/immoble\/oportunidad-casa-unifamiliar-en-fondarella\/"},"modified":"2026-04-28T02:34:03","modified_gmt":"2026-04-28T00:34:03","slug":"oportunidad-casa-unifamiliar-en-fondarella","status":"publish","type":"product","link":"https:\/\/vidalserveis.com\/es\/immoble\/oportunidad-casa-unifamiliar-en-fondarella\/","title":{"rendered":"Oportunidad casa unifamiliar en Fondarella"},"content":{"rendered":"<p>Casa unifamiliar, ubicada en un pueblo tranquilo con buen acceso a las comunicaciones viarias, cerca de la escuela y rodeada de zonas ajardinadas.<br \/>\nPlanta baja con garaje muy amplio, para veh\u00edculos y con posibilidad de realizar una sala polivalente con salida al jard\u00edn. Magn\u00edfico jard\u00edn donde podr\u00edas poner una piscina,  una barbacoa para disfrutar del verano en familia.<br \/>\nEn la primera planta tenemos un amplio recibidor, una cocina y despensa, un comedor con una chimenea de piedra para dar calor al invierno, una habitaci\u00f3n doble y un ba\u00f1o completo con ducha.  La segunda planta tiene dos habitaciones, una doble y alta individual, un ba\u00f1o completo con ba\u00f1era y una terraza.<br \/>\nDispone de calefacci\u00f3n gas.<\/p>\n<p>Si est\u00e1 interesado, venga a nuestra oficina para m\u00e1s informaci\u00f3n.<\/p>\n","protected":false},"excerpt":{"rendered":"<p>Casa unifamiliar, ubicada en un pueblo tranquilo con buen acceso a las comunicaciones viarias, cerca de la escuela y rodeada de zonas ajardinadas. Planta baja con garaje muy amplio, para veh\u00edculos y con posibilidad de realizar una sala polivalente con salida al jard\u00edn. Magn\u00edfico jard\u00edn donde podr\u00edas poner una piscina, una barbacoa para disfrutar del [&hellip;]<\/p>\n","protected":false},"featured_media":25369,"comment_status":"closed","ping_status":"open","template":"","meta":[],"product_brand":[],"product_cat":[725,726],"product_tag":[],"class_list":{"0":"post-27875","1":"product","2":"type-product","3":"status-publish","4":"has-post-thumbnail","6":"product_cat-casa","7":"product_cat-unifamiliar-adosada","8":"pa_ano-construccion-1370","9":"pa_calefaccion-si","10":"pa_categoria-de-les-emisiones-e","11":"pa_cerca-colegios-si","12":"pa_consumo-energetico-kwh-m2-ano-2357","13":"pa_dormitorios-dobles-302","14":"pa_emisiones-co2-kg-co2-m2-ano-2356","15":"pa_estado-conservacion-buena","16":"pa_localidad-fondarella","17":"pa_no-de-banos-222","18":"pa_no-de-dormitorios-no-de-dormitorios","19":"pa_obra-nueva-no","20":"pa_parcela-m2-229-00","21":"pa_parkes-y-jardines-si","22":"pa_parking-si","23":"pa_precio-venta-2435","24":"pa_provincia-lleida","25":"pa_soleado-si","26":"pa_superficie-construida-205-00","27":"pa_superficie-util-120-00","28":"pa_tipo-venta","29":"pa_ubicacion-local-a-pie-de-calle","31":"first","32":"instock","33":"purchasable","34":"product-type-variable"},"_links":{"self":[{"href":"https:\/\/vidalserveis.com\/es\/wp-json\/wp\/v2\/product\/27875","targetHints":{"allow":["GET"]}}],"collection":[{"href":"https:\/\/vidalserveis.com\/es\/wp-json\/wp\/v2\/product"}],"about":[{"href":"https:\/\/vidalserveis.com\/es\/wp-json\/wp\/v2\/types\/product"}],"replies":[{"embeddable":true,"href":"https:\/\/vidalserveis.com\/es\/wp-json\/wp\/v2\/comments?post=27875"}],"version-history":[{"count":1,"href":"https:\/\/vidalserveis.com\/es\/wp-json\/wp\/v2\/product\/27875\/revisions"}],"predecessor-version":[{"id":28583,"href":"https:\/\/vidalserveis.com\/es\/wp-json\/wp\/v2\/product\/27875\/revisions\/28583"}],"wp:featuredmedia":[{"embeddable":true,"href":"https:\/\/vidalserveis.com\/es\/wp-json\/wp\/v2\/media\/25369"}],"wp:attachment":[{"href":"https:\/\/vidalserveis.com\/es\/wp-json\/wp\/v2\/media?parent=27875"}],"wp:term":[{"taxonomy":"product_brand","embeddable":true,"href":"https:\/\/vidalserveis.com\/es\/wp-json\/wp\/v2\/product_brand?post=27875"},{"taxonomy":"product_cat","embeddable":true,"href":"https:\/\/vidalserveis.com\/es\/wp-json\/wp\/v2\/product_cat?post=27875"},{"taxonomy":"product_tag","embeddable":true,"href":"https:\/\/vidalserveis.com\/es\/wp-json\/wp\/v2\/product_tag?post=27875"}],"curies":[{"name":"wp","href":"https:\/\/api.w.org\/{rel}","templated":true}]}}

<p>Casa unifamiliar, ubicada en un pueblo tranquilo con buen acceso a las comunicaciones viarias, cerca de la escuela y rodeada de zonas ajardinadas.<br />
Planta baja con garaje muy amplio, para vehículos y con posibilidad de realizar una sala polivalente con salida al jardín. Magnífico jardín donde podrías poner una piscina,  una barbacoa para disfrutar del verano en familia.<br />
En la primera planta tenemos un amplio recibidor, una cocina y despensa, un comedor con una chimenea de piedra para dar calor al invierno, una habitación doble y un baño completo con ducha.  La segunda planta tiene dos habitaciones, una doble y alta individual, un baño completo con bañera y una terraza.<br />
Dispone de calefacción gas.</p>
<p>Si está interesado, venga a nuestra oficina para más información.</p>

<p>Casa unifamiliar, ubicada en un pueblo tranquilo con buen acceso a las comunicaciones viarias, cerca de la escuela y rodeada de zonas ajardinadas. Planta baja con garaje muy amplio, para vehículos y con posibilidad de realizar una sala polivalente con salida al jardín. Magnífico jardín donde podrías poner una piscina, una barbacoa para disfrutar del [&hellip;]</p>
